{"id":58,"date":"2025-10-13T14:42:49","date_gmt":"2025-10-13T12:42:49","guid":{"rendered":"https:\/\/sos-gouttieres.fr\/?page_id=58"},"modified":"2025-10-15T10:57:24","modified_gmt":"2025-10-15T08:57:24","slug":"depannage-et-reparations","status":"publish","type":"page","link":"https:\/\/sos-gouttieres.fr\/index.php\/depannage-et-reparations\/","title":{"rendered":"D\u00e9pannage et r\u00e9parations"},"content":{"rendered":"\t\t<div data-elementor-type=\"wp-page\" data-elementor-id=\"58\" class=\"elementor elementor-58\">\n\t\t\t\t<div class=\"elementor-element elementor-element-158fc639 e-flex e-con-boxed e-con e-parent\" data-id=\"158fc639\" data-element_type=\"container\" data-settings=\"{&quot;background_background&quot;:&quot;classic&quot;}\">\n\t\t\t\t\t<div class=\"e-con-inner\">\n\t\t\t\t<div class=\"elementor-element elementor-element-3fcd13af elementor-widget elementor-widget-heading\" data-id=\"3fcd13af\" data-element_type=\"widget\" data-widget_type=\"heading.default\">\n\t\t\t\t\t<h1 class=\"elementor-heading-title elementor-size-default\">R\u00e9paration  de goutti\u00e8res<br> \u00e0 Orgeval et dans les Yvelines<\/h1>\t\t\t\t<\/div>\n\t\t\t\t\t<\/div>\n\t\t\t\t<\/div>\n\t\t<div class=\"elementor-element elementor-element-671ec379 e-flex e-con-boxed e-con e-parent\" data-id=\"671ec379\" data-element_type=\"container\" data-settings=\"{&quot;background_background&quot;:&quot;classic&quot;}\">\n\t\t\t\t\t<div class=\"e-con-inner\">\n\t\t\t\t<div class=\"elementor-element elementor-element-1281d19a elementor-widget elementor-widget-text-editor\" data-id=\"1281d19a\" data-element_type=\"widget\" data-widget_type=\"text-editor.default\">\n\t\t\t\t\t\t\t\t\t<p>Chez SOS Goutti\u00e8res r\u00e9paration de goutti\u00e8res \u00e0 Orgeval, nous commen\u00e7ons chaque intervention par un diagnostic complet pour identifier l\u2019origine du probl\u00e8me : fuites, joints us\u00e9s, pente insuffisante ou obstruction.<br \/>Nos techniciens sp\u00e9cialis\u00e9s assurent des r\u00e9parations durables, adapt\u00e9es \u00e0 chaque type de goutti\u00e8re et au style de votre habitation.<\/p>\t\t\t\t\t\t\t\t<\/div>\n\t\t\t\t\t<\/div>\n\t\t\t\t<\/div>\n\t\t<div class=\"elementor-element elementor-element-132fdd5f e-flex e-con-boxed e-con e-parent\" data-id=\"132fdd5f\" data-element_type=\"container\" data-settings=\"{&quot;background_background&quot;:&quot;classic&quot;}\">\n\t\t\t\t\t<div class=\"e-con-inner\">\n\t\t\t\t<div class=\"elementor-element elementor-element-5b8ba191 elementor-widget elementor-widget-image\" data-id=\"5b8ba191\" data-element_type=\"widget\" data-widget_type=\"image.default\">\n\t\t\t\t\t\t\t\t\t\t\t\t\t\t\t<img fetchpriority=\"high\" decoding=\"async\" width=\"502\" height=\"332\" src=\"https:\/\/sos-gouttieres.fr\/wp-content\/uploads\/2025\/10\/gouttieres.jpg\" class=\"attachment-large size-large wp-image-24\" alt=\"SOS Goutti\u00e8res\" srcset=\"https:\/\/sos-gouttieres.fr\/wp-content\/uploads\/2025\/10\/gouttieres.jpg 502w, https:\/\/sos-gouttieres.fr\/wp-content\/uploads\/2025\/10\/gouttieres-300x198.jpg 300w\" sizes=\"(max-width: 502px) 100vw, 502px\" \/>\t\t\t\t\t\t\t\t\t\t\t\t\t\t\t<\/div>\n\t\t\t\t\t<\/div>\n\t\t\t\t<\/div>\n\t\t<div class=\"elementor-element elementor-element-397bab6 e-flex e-con-boxed e-con e-parent\" data-id=\"397bab6\" data-element_type=\"container\" data-settings=\"{&quot;background_background&quot;:&quot;classic&quot;}\">\n\t\t\t\t\t<div class=\"e-con-inner\">\n\t\t\t\t<div class=\"elementor-element elementor-element-7277a0fd elementor-widget elementor-widget-heading\" data-id=\"7277a0fd\" data-element_type=\"widget\" data-widget_type=\"heading.default\">\n\t\t\t\t\t<h2 class=\"elementor-heading-title elementor-size-default\">SOS Goutti\u00e8res<br>D\u00e9pannage et intervention d'urgence<\/h2>\t\t\t\t<\/div>\n\t\t\t\t\t<\/div>\n\t\t\t\t<\/div>\n\t\t<div class=\"elementor-element elementor-element-4a71a610 e-flex e-con-boxed e-con e-parent\" data-id=\"4a71a610\" data-element_type=\"container\" data-settings=\"{&quot;background_background&quot;:&quot;classic&quot;}\">\n\t\t\t\t\t<div class=\"e-con-inner\">\n\t\t\t\t<div class=\"elementor-element elementor-element-74649faa elementor-widget elementor-widget-text-editor\" data-id=\"74649faa\" data-element_type=\"widget\" data-widget_type=\"text-editor.default\">\n\t\t\t\t\t\t\t\t\t<p>\ud83d\udd0d Recherche de fuites et test d\u2019\u00e9tanch\u00e9it\u00e9<br \/>\u2022 \ud83e\ude9c Remise en pente et r\u00e9ajustement des crochets<br \/>\u2022 \ud83e\uddf0 R\u00e9paration des joints, naissances et descentes<br \/>\u2022 \u2699\ufe0f Remplacement partiel de sections endommag\u00e9es<br \/>\u2022 \ud83d\udca7 D\u00e9bouchage et nettoyage cibl\u00e9 des conduits<\/p>\t\t\t\t\t\t\t\t<\/div>\n\t\t\t\t\t<\/div>\n\t\t\t\t<\/div>\n\t\t<div class=\"elementor-element elementor-element-483830e e-flex e-con-boxed e-con e-parent\" data-id=\"483830e\" data-element_type=\"container\" data-settings=\"{&quot;background_background&quot;:&quot;classic&quot;}\">\n\t\t\t\t\t<div class=\"e-con-inner\">\n\t\t\t\t<div class=\"elementor-element elementor-element-e1f972f elementor-widget elementor-widget-heading\" data-id=\"e1f972f\" data-element_type=\"widget\" data-widget_type=\"heading.default\">\n\t\t\t\t\t<h3 class=\"elementor-heading-title elementor-size-default\">Mat\u00e9riaux compatibles avec nos r\u00e9parations de goutti\u00e8res<\/h3>\t\t\t\t<\/div>\n\t\t\t\t\t<\/div>\n\t\t\t\t<\/div>\n\t\t<div class=\"elementor-element elementor-element-309c2844 e-flex e-con-boxed e-con e-parent\" data-id=\"309c2844\" data-element_type=\"container\" data-settings=\"{&quot;background_background&quot;:&quot;classic&quot;}\">\n\t\t\t\t\t<div class=\"e-con-inner\">\n\t\t\t\t<div class=\"elementor-element elementor-element-62288dbb elementor-widget elementor-widget-text-editor\" data-id=\"62288dbb\" data-element_type=\"widget\" data-widget_type=\"text-editor.default\">\n\t\t\t\t\t\t\t\t\t<p>Nous intervenons sur tous les types de goutti\u00e8res, qu\u2019elles soient en zinc, aluminium, PVC ou cuivre.<br \/>Chaque mat\u00e9riau demande une technique de r\u00e9paration sp\u00e9cifique : nos artisans ma\u00eetrisent ces savoir-faire pour garantir une parfaite \u00e9tanch\u00e9it\u00e9 et une finition esth\u00e9tique adapt\u00e9e \u00e0 votre maison.<\/p>\t\t\t\t\t\t\t\t<\/div>\n\t\t\t\t\t<\/div>\n\t\t\t\t<\/div>\n\t\t<div class=\"elementor-element elementor-element-d6bbdf e-flex e-con-boxed e-con e-parent\" data-id=\"d6bbdf\" data-element_type=\"container\" data-settings=\"{&quot;background_background&quot;:&quot;classic&quot;}\">\n\t\t\t\t\t<div class=\"e-con-inner\">\n\t\t\t\t<div class=\"elementor-element elementor-element-71497a2 elementor-widget elementor-widget-image\" data-id=\"71497a2\" data-element_type=\"widget\" data-widget_type=\"image.default\">\n\t\t\t\t\t\t\t\t\t\t\t\t<figure class=\"wp-caption\">\n\t\t\t\t\t\t\t\t\t\t\t<a href=\"https:\/\/www.rust-oleum.eu\/fr\/produit\/fillcoat-fibres-waterproofing\">\n\t\t\t\t\t\t\t<img decoding=\"async\" width=\"512\" height=\"512\" src=\"https:\/\/sos-gouttieres.fr\/wp-content\/uploads\/2025\/10\/fillcoat-etancheite-1-jpeg-square-1000x1000-1-e1760370790122.jpg\" class=\"attachment-large size-large wp-image-92\" alt=\"\" \/>\t\t\t\t\t\t\t\t<\/a>\n\t\t\t\t\t\t\t\t\t\t\t<figcaption class=\"widget-image-caption wp-caption-text\"><\/figcaption>\n\t\t\t\t\t\t\t\t\t\t<\/figure>\n\t\t\t\t\t\t\t\t\t<\/div>\n\t\t\t\t\t<\/div>\n\t\t\t\t<\/div>\n\t\t<div class=\"elementor-element elementor-element-7b1e1849 e-flex e-con-boxed e-con e-parent\" data-id=\"7b1e1849\" data-element_type=\"container\" data-settings=\"{&quot;background_background&quot;:&quot;classic&quot;}\">\n\t\t\t\t\t<div class=\"e-con-inner\">\n\t\t\t\t<div class=\"elementor-element elementor-element-3c618d1e elementor-widget elementor-widget-heading\" data-id=\"3c618d1e\" data-element_type=\"widget\" data-widget_type=\"heading.default\">\n\t\t\t\t\t<h2 class=\"elementor-heading-title elementor-size-default\">Quand la r\u00e9paration des goutti\u00e8res devient essentielle<\/h2>\t\t\t\t<\/div>\n\t\t\t\t\t<\/div>\n\t\t\t\t<\/div>\n\t\t<div class=\"elementor-element elementor-element-6c79a85 e-flex e-con-boxed e-con e-parent\" data-id=\"6c79a85\" data-element_type=\"container\" data-settings=\"{&quot;background_background&quot;:&quot;classic&quot;}\">\n\t\t\t\t\t<div class=\"e-con-inner\">\n\t\t\t\t<div class=\"elementor-element elementor-element-99cb879 elementor-widget elementor-widget-text-editor\" data-id=\"99cb879\" data-element_type=\"widget\" data-widget_type=\"text-editor.default\">\n\t\t\t\t\t\t\t\t\t<p>une goutti\u00e8re ab\u00eem\u00e9e ou mal fix\u00e9e peut rapidement provoquer des infiltrations ou ab\u00eemer votre fa\u00e7ade.<br \/>Nos r\u00e9parations redonnent \u00e0 votre installation son efficacit\u00e9 et son aspect d\u2019origine, tout en prolongeant sa dur\u00e9e de vie.<\/p><p>Contactez SOS Goutti\u00e8res r\u00e9paration de goutti\u00e8res \u00e0 Orgeval des aujourd&rsquo;hui pour un devis gratuit et sans engagement.<\/p>\t\t\t\t\t\t\t\t<\/div>\n\t\t\t\t<div class=\"elementor-element elementor-element-4fe05d60 elementor-align-center elementor-widget elementor-widget-button\" data-id=\"4fe05d60\" data-element_type=\"widget\" data-widget_type=\"button.default\">\n\t\t\t\t\t\t\t\t\t\t<a class=\"elementor-button elementor-button-link elementor-size-sm\" href=\"tel:0618527595\">\n\t\t\t\t\t\t<span class=\"elementor-button-content-wrapper\">\n\t\t\t\t\t\t\t\t\t<span class=\"elementor-button-text\">Demandez un devis<\/span>\n\t\t\t\t\t<\/span>\n\t\t\t\t\t<\/a>\n\t\t\t\t\t\t\t\t<\/div>\n\t\t\t\t\t<\/div>\n\t\t\t\t<\/div>\n\t\t<div class=\"elementor-element elementor-element-70ebb39 e-flex e-con-boxed e-con e-parent\" data-id=\"70ebb39\" data-element_type=\"container\" data-settings=\"{&quot;background_background&quot;:&quot;classic&quot;}\">\n\t\t\t\t\t<div class=\"e-con-inner\">\n\t\t\t\t<div class=\"elementor-element elementor-element-2a84691 elementor-widget elementor-widget-text-editor\" data-id=\"2a84691\" data-element_type=\"widget\" data-widget_type=\"text-editor.default\">\n\t\t\t\t\t\t\t\t\t<p><a href=\"https:\/\/sos-gouttieres.fr\/\">Retour \u00e0 l&rsquo;Accueil<\/a><\/p>\t\t\t\t\t\t\t\t<\/div>\n\t\t\t\t\t<\/div>\n\t\t\t\t<\/div>\n\t\t\t\t<\/div>\n\t\t","protected":false},"excerpt":{"rendered":"<p>R\u00e9paration de goutti\u00e8res \u00e0 Orgeval et dans les Yvelines Chez SOS Goutti\u00e8res r\u00e9paration de goutti\u00e8res \u00e0 Orgeval, nous commen\u00e7ons chaque intervention par un diagnostic complet pour identifier l\u2019origine du probl\u00e8me : fuites, joints us\u00e9s, pente insuffisante ou obstruction.Nos techniciens sp\u00e9cialis\u00e9s assurent des r\u00e9parations durables, adapt\u00e9es \u00e0 chaque type de goutti\u00e8re et au style de votre [&hellip;]<\/p>\n","protected":false},"author":1,"featured_media":0,"parent":0,"menu_order":0,"comment_status":"closed","ping_status":"closed","template":"elementor_canvas","meta":{"footnotes":""},"class_list":["post-58","page","type-page","status-publish","hentry"],"yoast_head":"<!-- This site is optimized with the Yoast SEO plugin v26.1.1 - https:\/\/yoast.com\/wordpress\/plugins\/seo\/ -->\n<title>R\u00e9paration et entretien de goutti\u00e8res \u00e0 Orgeval et dans les Yvelines<\/title>\n<meta name=\"description\" content=\"SOS Goutti\u00e8res intervient \u00e0 Orgeval et dans les Yvelines pour la r\u00e9paration de vos goutti\u00e8res. Devis gratuit et intervention rapide.\" \/>\n<meta name=\"robots\" content=\"index, follow, max-snippet:-1, max-image-preview:large, max-video-preview:-1\" \/>\n<link rel=\"canonical\" href=\"https:\/\/sos-gouttieres.fr\/index.php\/depannage-et-reparations\/\" \/>\n<meta property=\"og:locale\" content=\"fr_FR\" \/>\n<meta property=\"og:type\" content=\"article\" \/>\n<meta property=\"og:title\" content=\"R\u00e9paration et entretien de goutti\u00e8res \u00e0 Orgeval et dans les Yvelines\" \/>\n<meta property=\"og:description\" content=\"SOS Goutti\u00e8res intervient \u00e0 Orgeval et dans les Yvelines pour la r\u00e9paration de vos goutti\u00e8res. Devis gratuit et intervention rapide.\" \/>\n<meta property=\"og:url\" content=\"https:\/\/sos-gouttieres.fr\/index.php\/depannage-et-reparations\/\" \/>\n<meta property=\"og:site_name\" content=\"SOS Goutti\u00e8res\" \/>\n<meta property=\"article:modified_time\" content=\"2025-10-15T08:57:24+00:00\" \/>\n<meta property=\"og:image\" content=\"https:\/\/sos-gouttieres.fr\/wp-content\/uploads\/2025\/10\/gouttieres.jpg\" \/>\n<meta name=\"twitter:card\" content=\"summary_large_image\" \/>\n<meta name=\"twitter:label1\" content=\"Dur\u00e9e de lecture estim\u00e9e\" \/>\n\t<meta name=\"twitter:data1\" content=\"2 minutes\" \/>\n<script type=\"application\/ld+json\" class=\"yoast-schema-graph\">{\"@context\":\"https:\/\/schema.org\",\"@graph\":[{\"@type\":\"WebPage\",\"@id\":\"https:\/\/sos-gouttieres.fr\/index.php\/depannage-et-reparations\/\",\"url\":\"https:\/\/sos-gouttieres.fr\/index.php\/depannage-et-reparations\/\",\"name\":\"R\u00e9paration et entretien de goutti\u00e8res \u00e0 Orgeval et dans les Yvelines\",\"isPartOf\":{\"@id\":\"https:\/\/sos-gouttieres.fr\/#website\"},\"primaryImageOfPage\":{\"@id\":\"https:\/\/sos-gouttieres.fr\/index.php\/depannage-et-reparations\/#primaryimage\"},\"image\":{\"@id\":\"https:\/\/sos-gouttieres.fr\/index.php\/depannage-et-reparations\/#primaryimage\"},\"thumbnailUrl\":\"https:\/\/sos-gouttieres.fr\/wp-content\/uploads\/2025\/10\/gouttieres.jpg\",\"datePublished\":\"2025-10-13T12:42:49+00:00\",\"dateModified\":\"2025-10-15T08:57:24+00:00\",\"description\":\"SOS Goutti\u00e8res intervient \u00e0 Orgeval et dans les Yvelines pour la r\u00e9paration de vos goutti\u00e8res. Devis gratuit et intervention rapide.\",\"breadcrumb\":{\"@id\":\"https:\/\/sos-gouttieres.fr\/index.php\/depannage-et-reparations\/#breadcrumb\"},\"inLanguage\":\"fr-FR\",\"potentialAction\":[{\"@type\":\"ReadAction\",\"target\":[\"https:\/\/sos-gouttieres.fr\/index.php\/depannage-et-reparations\/\"]}]},{\"@type\":\"ImageObject\",\"inLanguage\":\"fr-FR\",\"@id\":\"https:\/\/sos-gouttieres.fr\/index.php\/depannage-et-reparations\/#primaryimage\",\"url\":\"https:\/\/sos-gouttieres.fr\/wp-content\/uploads\/2025\/10\/gouttieres.jpg\",\"contentUrl\":\"https:\/\/sos-gouttieres.fr\/wp-content\/uploads\/2025\/10\/gouttieres.jpg\",\"width\":502,\"height\":332,\"caption\":\"SOS Goutti\u00e8res\"},{\"@type\":\"BreadcrumbList\",\"@id\":\"https:\/\/sos-gouttieres.fr\/index.php\/depannage-et-reparations\/#breadcrumb\",\"itemListElement\":[{\"@type\":\"ListItem\",\"position\":1,\"name\":\"Accueil\",\"item\":\"https:\/\/sos-gouttieres.fr\/\"},{\"@type\":\"ListItem\",\"position\":2,\"name\":\"D\u00e9pannage et r\u00e9parations\"}]},{\"@type\":\"WebSite\",\"@id\":\"https:\/\/sos-gouttieres.fr\/#website\",\"url\":\"https:\/\/sos-gouttieres.fr\/\",\"name\":\"SOS Goutti\u00e8res\",\"description\":\"R\u00e9paration, remplacement et entretien des goutti\u00e8res \u00e0 Orgeval\",\"publisher\":{\"@id\":\"https:\/\/sos-gouttieres.fr\/#organization\"},\"potentialAction\":[{\"@type\":\"SearchAction\",\"target\":{\"@type\":\"EntryPoint\",\"urlTemplate\":\"https:\/\/sos-gouttieres.fr\/?s={search_term_string}\"},\"query-input\":{\"@type\":\"PropertyValueSpecification\",\"valueRequired\":true,\"valueName\":\"search_term_string\"}}],\"inLanguage\":\"fr-FR\"},{\"@type\":\"Organization\",\"@id\":\"https:\/\/sos-gouttieres.fr\/#organization\",\"name\":\"SOS Goutti\u00e8res\",\"url\":\"https:\/\/sos-gouttieres.fr\/\",\"logo\":{\"@type\":\"ImageObject\",\"inLanguage\":\"fr-FR\",\"@id\":\"https:\/\/sos-gouttieres.fr\/#\/schema\/logo\/image\/\",\"url\":\"https:\/\/sos-gouttieres.fr\/wp-content\/uploads\/2025\/10\/gouttiere-printemps.webp\",\"contentUrl\":\"https:\/\/sos-gouttieres.fr\/wp-content\/uploads\/2025\/10\/gouttiere-printemps.webp\",\"width\":1100,\"height\":550,\"caption\":\"SOS Goutti\u00e8res\"},\"image\":{\"@id\":\"https:\/\/sos-gouttieres.fr\/#\/schema\/logo\/image\/\"}}]}<\/script>\n<!-- \/ Yoast SEO plugin. -->","yoast_head_json":{"title":"R\u00e9paration et entretien de goutti\u00e8res \u00e0 Orgeval et dans les Yvelines","description":"SOS Goutti\u00e8res intervient \u00e0 Orgeval et dans les Yvelines pour la r\u00e9paration de vos goutti\u00e8res. Devis gratuit et intervention rapide.","robots":{"index":"index","follow":"follow","max-snippet":"max-snippet:-1","max-image-preview":"max-image-preview:large","max-video-preview":"max-video-preview:-1"},"canonical":"https:\/\/sos-gouttieres.fr\/index.php\/depannage-et-reparations\/","og_locale":"fr_FR","og_type":"article","og_title":"R\u00e9paration et entretien de goutti\u00e8res \u00e0 Orgeval et dans les Yvelines","og_description":"SOS Goutti\u00e8res intervient \u00e0 Orgeval et dans les Yvelines pour la r\u00e9paration de vos goutti\u00e8res. Devis gratuit et intervention rapide.","og_url":"https:\/\/sos-gouttieres.fr\/index.php\/depannage-et-reparations\/","og_site_name":"SOS Goutti\u00e8res","article_modified_time":"2025-10-15T08:57:24+00:00","og_image":[{"url":"https:\/\/sos-gouttieres.fr\/wp-content\/uploads\/2025\/10\/gouttieres.jpg","type":"","width":"","height":""}],"twitter_card":"summary_large_image","twitter_misc":{"Dur\u00e9e de lecture estim\u00e9e":"2 minutes"},"schema":{"@context":"https:\/\/schema.org","@graph":[{"@type":"WebPage","@id":"https:\/\/sos-gouttieres.fr\/index.php\/depannage-et-reparations\/","url":"https:\/\/sos-gouttieres.fr\/index.php\/depannage-et-reparations\/","name":"R\u00e9paration et entretien de goutti\u00e8res \u00e0 Orgeval et dans les Yvelines","isPartOf":{"@id":"https:\/\/sos-gouttieres.fr\/#website"},"primaryImageOfPage":{"@id":"https:\/\/sos-gouttieres.fr\/index.php\/depannage-et-reparations\/#primaryimage"},"image":{"@id":"https:\/\/sos-gouttieres.fr\/index.php\/depannage-et-reparations\/#primaryimage"},"thumbnailUrl":"https:\/\/sos-gouttieres.fr\/wp-content\/uploads\/2025\/10\/gouttieres.jpg","datePublished":"2025-10-13T12:42:49+00:00","dateModified":"2025-10-15T08:57:24+00:00","description":"SOS Goutti\u00e8res intervient \u00e0 Orgeval et dans les Yvelines pour la r\u00e9paration de vos goutti\u00e8res. Devis gratuit et intervention rapide.","breadcrumb":{"@id":"https:\/\/sos-gouttieres.fr\/index.php\/depannage-et-reparations\/#breadcrumb"},"inLanguage":"fr-FR","potentialAction":[{"@type":"ReadAction","target":["https:\/\/sos-gouttieres.fr\/index.php\/depannage-et-reparations\/"]}]},{"@type":"ImageObject","inLanguage":"fr-FR","@id":"https:\/\/sos-gouttieres.fr\/index.php\/depannage-et-reparations\/#primaryimage","url":"https:\/\/sos-gouttieres.fr\/wp-content\/uploads\/2025\/10\/gouttieres.jpg","contentUrl":"https:\/\/sos-gouttieres.fr\/wp-content\/uploads\/2025\/10\/gouttieres.jpg","width":502,"height":332,"caption":"SOS Goutti\u00e8res"},{"@type":"BreadcrumbList","@id":"https:\/\/sos-gouttieres.fr\/index.php\/depannage-et-reparations\/#breadcrumb","itemListElement":[{"@type":"ListItem","position":1,"name":"Accueil","item":"https:\/\/sos-gouttieres.fr\/"},{"@type":"ListItem","position":2,"name":"D\u00e9pannage et r\u00e9parations"}]},{"@type":"WebSite","@id":"https:\/\/sos-gouttieres.fr\/#website","url":"https:\/\/sos-gouttieres.fr\/","name":"SOS Goutti\u00e8res","description":"R\u00e9paration, remplacement et entretien des goutti\u00e8res \u00e0 Orgeval","publisher":{"@id":"https:\/\/sos-gouttieres.fr\/#organization"},"potentialAction":[{"@type":"SearchAction","target":{"@type":"EntryPoint","urlTemplate":"https:\/\/sos-gouttieres.fr\/?s={search_term_string}"},"query-input":{"@type":"PropertyValueSpecification","valueRequired":true,"valueName":"search_term_string"}}],"inLanguage":"fr-FR"},{"@type":"Organization","@id":"https:\/\/sos-gouttieres.fr\/#organization","name":"SOS Goutti\u00e8res","url":"https:\/\/sos-gouttieres.fr\/","logo":{"@type":"ImageObject","inLanguage":"fr-FR","@id":"https:\/\/sos-gouttieres.fr\/#\/schema\/logo\/image\/","url":"https:\/\/sos-gouttieres.fr\/wp-content\/uploads\/2025\/10\/gouttiere-printemps.webp","contentUrl":"https:\/\/sos-gouttieres.fr\/wp-content\/uploads\/2025\/10\/gouttiere-printemps.webp","width":1100,"height":550,"caption":"SOS Goutti\u00e8res"},"image":{"@id":"https:\/\/sos-gouttieres.fr\/#\/schema\/logo\/image\/"}}]}},"_links":{"self":[{"href":"https:\/\/sos-gouttieres.fr\/index.php\/wp-json\/wp\/v2\/pages\/58","targetHints":{"allow":["GET"]}}],"collection":[{"href":"https:\/\/sos-gouttieres.fr\/index.php\/wp-json\/wp\/v2\/pages"}],"about":[{"href":"https:\/\/sos-gouttieres.fr\/index.php\/wp-json\/wp\/v2\/types\/page"}],"author":[{"embeddable":true,"href":"https:\/\/sos-gouttieres.fr\/index.php\/wp-json\/wp\/v2\/users\/1"}],"replies":[{"embeddable":true,"href":"https:\/\/sos-gouttieres.fr\/index.php\/wp-json\/wp\/v2\/comments?post=58"}],"version-history":[{"count":22,"href":"https:\/\/sos-gouttieres.fr\/index.php\/wp-json\/wp\/v2\/pages\/58\/revisions"}],"predecessor-version":[{"id":219,"href":"https:\/\/sos-gouttieres.fr\/index.php\/wp-json\/wp\/v2\/pages\/58\/revisions\/219"}],"wp:attachment":[{"href":"https:\/\/sos-gouttieres.fr\/index.php\/wp-json\/wp\/v2\/media?parent=58"}],"curies":[{"name":"wp","href":"https:\/\/api.w.org\/{rel}","templated":true}]}}